{"id":16,"date":"2022-02-02T11:50:53","date_gmt":"2022-02-02T10:50:53","guid":{"rendered":"https:\/\/h-frummet.de\/?page_id=16"},"modified":"2025-03-26T09:59:29","modified_gmt":"2025-03-26T08:59:29","slug":"impressum","status":"publish","type":"page","link":"https:\/\/h-frummet.de\/?page_id=16","title":{"rendered":"Impressum"},"content":{"rendered":"\n<p><\/p>\n\n\n\n<p>Verantwortlich f\u00fcr den Inhalt:<\/p>\n\n\n\n<p>Hausmeisterservice<br>Herbert Frummet<br>\u00d6denthaler Str.7b<br>93197 Zeitlarn<br>Telefon: (0941) 29 85 674<br>MobilNr.: (0151) 12 89 03 90<br>Fax Nr.: (0941) 46 12 830<br>Mail: info[at]h-frummet[dot]de<br>HP: www.h-frummet.de<\/p>\n\n\n\n<p>Rechtliches<\/p>\n\n\n\n<p>Nutzungsbedingungen und Bemerkung zu unseren Links<\/p>\n\n\n\n<p>Das Schreiben von rechtswidrigen Inhalten ist untersagt und f\u00fchrt ggf. zur Strafanzeige! Das Schreiben von Unsinn f\u00fchrt zum Ausschlu\u00df von Login-Gruppen oder aus dem Forum!<\/p>\n\n\n\n<p>Das Entnehmen von Inhalten ohne unsere Erlaubnis zum Zwecke der massenhaften Weitergabe, sei es im Netz, als Buch oder auf andere Weise ist verboten (Kommerzielle wie auch Nicht-Kommerzielle Nutzung). Diesbez\u00fcglich weisen wir auf die \u00a7\u00a7 87a ff UrhG (BRD) und die entsprechenden Regeln innerhalb der EU hin.<\/p>\n\n\n\n<p>Das Kopieren unseres Datenbanksystems, und zwar sowohl des Konzeptes (\u00a7 4II UrhG-BRD; TRIPS-Abkommen) als auch des Programmiercodes ist verboten und wird straf- und ziwilrechtlich verfolgt.<\/p>\n\n\n\n<p>Das Verlinken auf unsere Home Seite und darunterliegende Seiten ist erlaubt, jedoch kann sich der URL \u00e4ndern. Wir werden dazu keine Meldungen ver\u00f6ffentlichen, so dass es auch nicht in der Verantwortung von uns liegt, ob verlinkte URLs erreichbar sind.<\/p>\n\n\n\n<p>Auf die Aktualit\u00e4t, sowie auf fremdbezogene Inhalte haben wir keinen Einfluss und \u00fcbernehmen somit auch keine Verantwortung.<\/p>\n\n\n\n<p>Irrt\u00fcmmer und Fehler des Datenbestandes und der Ausgabe von Daten stets freibleibend. Bemerkung zu unseren Links Hinweis zu allen Links auf unserer Website: Mit Urteil vom 12. Mai 1998 hat das Landgericht Hamburg entschieden, dass man durch die Ausbringung eines Links die Inhalte der gelinkten Seite ggf. mitzuverantworten hat. Dies kann &#8211; so das LG &#8211; nur dadurch verhindert werden, dass man sich ausdr\u00fccklich von diesen Inhalten distanziert.<\/p>\n\n\n\n<p>Wir haben auf verschiedenen Seiten dieser Homepage Links zu anderen Seiten im Internet gelegt, bzw. von unseren Usern eingerichtet (z. B. Forum, Linklisten). F\u00fcr all diese Links gilt: Wir m\u00f6chten ausdr\u00fccklich betonen, dass wir keinerlei Einfluss auf die Gestaltung und die Inhalte der gelinkten Seite haben und machen uns Ihre Inhalte nicht zueigen. Diese Erkl\u00e4rung gilt f\u00fcr alle auf unserer Homepage existierenden Links.<\/p>\n","protected":false},"excerpt":{"rendered":"<p>Verantwortlich f\u00fcr den Inhalt: HausmeisterserviceHerbert Frummet\u00d6denthaler Str.7b93197 ZeitlarnTelefon: (0941) 29 85 674MobilNr.: (0151) 12 89 03 90Fax Nr.: (0941) 46 12 830Mail: info[at]h-frummet[dot]deHP: www.h-frummet.de Rechtliches [&hellip;]<\/p>\n","protected":false},"author":1,"featured_media":0,"parent":0,"menu_order":0,"comment_status":"closed","ping_status":"closed","template":"","meta":{"footnotes":""},"class_list":["post-16","page","type-page","status-publish","hentry"],"jetpack_sharing_enabled":true,"_links":{"self":[{"href":"https:\/\/h-frummet.de\/index.php?rest_route=\/wp\/v2\/pages\/16","targetHints":{"allow":["GET"]}}],"collection":[{"href":"https:\/\/h-frummet.de\/index.php?rest_route=\/wp\/v2\/pages"}],"about":[{"href":"https:\/\/h-frummet.de\/index.php?rest_route=\/wp\/v2\/types\/page"}],"author":[{"embeddable":true,"href":"https:\/\/h-frummet.de\/index.php?rest_route=\/wp\/v2\/users\/1"}],"replies":[{"embeddable":true,"href":"https:\/\/h-frummet.de\/index.php?rest_route=%2Fwp%2Fv2%2Fcomments&post=16"}],"version-history":[{"count":2,"href":"https:\/\/h-frummet.de\/index.php?rest_route=\/wp\/v2\/pages\/16\/revisions"}],"predecessor-version":[{"id":113,"href":"https:\/\/h-frummet.de\/index.php?rest_route=\/wp\/v2\/pages\/16\/revisions\/113"}],"wp:attachment":[{"href":"https:\/\/h-frummet.de\/index.php?rest_route=%2Fwp%2Fv2%2Fmedia&parent=16"}],"curies":[{"name":"wp","href":"https:\/\/api.w.org\/{rel}","templated":true}]}}