{"id":28,"date":"2022-02-02T12:02:44","date_gmt":"2022-02-02T11:02:44","guid":{"rendered":"https:\/\/h-frummet.de\/?page_id=28"},"modified":"2023-02-15T08:24:47","modified_gmt":"2023-02-15T07:24:47","slug":"ueber-uns","status":"publish","type":"page","link":"https:\/\/h-frummet.de\/?page_id=28","title":{"rendered":"\u00dcber uns"},"content":{"rendered":"\n<p class=\"has-drop-cap\">Die Gr\u00fcndung der Firma erfolgte im Jahr 2004 \u2013 seitdem fand eine kontinuierliche Weiterentwicklung statt.<\/p>\n\n\n\n<p>Der Hausmeisterservice Herbert Frummet verf\u00fcgt \u00fcber einen umfangreichen Fuhrpark, der stets dem aktuellen Stand entspricht und regelm\u00e4\u00dfig erweitert und den Bed\u00fcrfnissen unserer Kunden angepasst wird.<\/p>\n\n\n\n<p>Das erfahrene Team um Inhaber Herbert Frummet stellt Ihnen seine Dienstleistungen im Stadtgebiet Regensburg und dem angrenzenden Umland gerne zur Verf\u00fcgung.<\/p>\n\n\n\n<p>Derzeit sind 10 Mitarbeiter in den Bereichen Hausmeisterservice, Gartenpflege und Geb\u00e4udereinigung f\u00fcr Sie im Einsatz.<\/p>\n\n\n\n<p>Besonders wichtig ist uns die individuelle und flexible Betreuung unserer Kunden \u2013 immer angepasst auf die jeweilige Anforderung, um den einzelnen Kundenanspr\u00fcchen stets bestens gerecht zu werden.<\/p>\n\n\n\n<p>Im Vordergrund steht hier immer ein freundlicher und vor Allem pers\u00f6nlicher Kontakt mit Eigent\u00fcmern, Mietern und den Hausverwaltungen.<\/p>\n\n\n\n<p>Eine reibungslose und vertrauensw\u00fcrdige Kommunikation steht bei uns im Vordergrund!<\/p>\n\n\n\n<p>Unser Service beinhaltet zus\u00e4tzlich die pers\u00f6nliche Beratung vor Ort, problemorientierte Auskunft am Telefon, verbunden mit unserem 24-Stunden Notdienst der auch an Sonn- und Feiertagen zur Verf\u00fcgung steht.<br>Unser regelm\u00e4\u00dfig geschultes Team steht Ihnen gerne zur Verf\u00fcgung um Ihre Anliegen zu erf\u00fcllen.<\/p>\n","protected":false},"excerpt":{"rendered":"<p>Die Gr\u00fcndung der Firma erfolgte im Jahr 2004 \u2013 seitdem fand eine kontinuierliche Weiterentwicklung statt. Der Hausmeisterservice Herbert Frummet verf\u00fcgt \u00fcber einen umfangreichen Fuhrpark, der [&hellip;]<\/p>\n","protected":false},"author":1,"featured_media":0,"parent":0,"menu_order":0,"comment_status":"closed","ping_status":"closed","template":"","meta":{"footnotes":""},"class_list":["post-28","page","type-page","status-publish","hentry"],"jetpack_sharing_enabled":true,"_links":{"self":[{"href":"https:\/\/h-frummet.de\/index.php?rest_route=\/wp\/v2\/pages\/28","targetHints":{"allow":["GET"]}}],"collection":[{"href":"https:\/\/h-frummet.de\/index.php?rest_route=\/wp\/v2\/pages"}],"about":[{"href":"https:\/\/h-frummet.de\/index.php?rest_route=\/wp\/v2\/types\/page"}],"author":[{"embeddable":true,"href":"https:\/\/h-frummet.de\/index.php?rest_route=\/wp\/v2\/users\/1"}],"replies":[{"embeddable":true,"href":"https:\/\/h-frummet.de\/index.php?rest_route=%2Fwp%2Fv2%2Fcomments&post=28"}],"version-history":[{"count":3,"href":"https:\/\/h-frummet.de\/index.php?rest_route=\/wp\/v2\/pages\/28\/revisions"}],"predecessor-version":[{"id":111,"href":"https:\/\/h-frummet.de\/index.php?rest_route=\/wp\/v2\/pages\/28\/revisions\/111"}],"wp:attachment":[{"href":"https:\/\/h-frummet.de\/index.php?rest_route=%2Fwp%2Fv2%2Fmedia&parent=28"}],"curies":[{"name":"wp","href":"https:\/\/api.w.org\/{rel}","templated":true}]}}