{"id":33,"date":"2022-02-02T12:05:08","date_gmt":"2022-02-02T11:05:08","guid":{"rendered":"https:\/\/h-frummet.de\/?page_id=33"},"modified":"2022-02-02T16:18:35","modified_gmt":"2022-02-02T15:18:35","slug":"leistungen","status":"publish","type":"page","link":"https:\/\/h-frummet.de\/?page_id=33","title":{"rendered":"Leistungen"},"content":{"rendered":"\n<h2 class=\"wp-block-heading\" id=\"unsere-leistungen-im-uberblick\">Unsere Leistungen im \u00dcberblick:<\/h2>\n\n\n\n<p><strong>Objektbetreuung<\/strong><\/p>\n\n\n\n<p>Unser Service beinhaltet alle technischen und funktionellen Dienstleistungen rund um Ihre Immobilie.<\/p>\n\n\n\n<p>\u00dcberwachung des Gesamtzustandes der Immobilie und der Au\u00dfenanlage<br>Kontrolle der haustechnischen Einrichtungen<br>Terminabsprachen und \u00dcberwachung von Fremd- und Wartungsfirmen<br>Terminwahrnehmung bei Wartungsarbeiten und Reparaturen Koordinierung von Handwerkern im Notfall<br>Telefonischer Bereitschaftsdienst<br>Wohnungs Abnahmen bzw. \u00dcbergabe<br>Ansprechpartner f\u00fcr Mieter bei M\u00e4ngeln und kleinen Reparaturarbeiten<br>Weiterleitung von meisterpflichtigen Leistungen<\/p>\n\n\n\n<p><strong>Geb\u00e4udeinnenreinigung<\/strong><\/p>\n\n\n\n<p>Wir stehen Ihnen als innovativer und kompetenter Dienstleister, mit dem notwendigen Know-How und der entsprechenden Sorgfalt, bei Reinigung und Pflege Ihrer Immobilie gerne zur Verf\u00fcgung.Gemeinsam mit Ihnen erarbeiten wir ein individuelles T\u00e4tigkeitsverzeichnis, dessen Einhaltung von uns gepr\u00fcft und dokumentiert wird um einen reibungslosen Ablauf der uns \u00fcbertragenen Arbeiten zu gew\u00e4hrleisten.<\/p>\n\n\n\n<p>Die Geb\u00e4udeinnenreinigung umfasst die Reinigung und Pflege der Bodenbel\u00e4ge, der Decken und W\u00e4nde, der Heizk\u00f6rper, der sanit\u00e4ren Anlagen sowie der Gegenst\u00e4nde der Raumausstattung in bestimmten Zeitabst\u00e4nden<br>A) als Unterhaltsreinigung in turnusm\u00e4\u00dfigen Abst\u00e4nden<br>B) als Grundreinigung einmalig<\/p>\n\n\n\n<p><strong>Glasreinigung<\/strong><\/p>\n\n\n\n<p>Unsere Glasreinigungsprofis stellen sich jeder Herausforderung und jeder H\u00f6he.<br>Wir reinigen alle Fenster,Verglasungen und Fassaden \u2013 gerne auch Privathaushalte.<\/p>\n\n\n\n<p>Die Glasreinigung umfasst die Reinigung von Verglasungen sowie als erg\u00e4nzender Auftrag die Reinigung und Pflege der Einfassungen, Rahmen, Bekleidungen und Zargen sowie Falze und Blenden<\/p>\n\n\n\n<p><strong>Aussenanlagen<\/strong><\/p>\n\n\n\n<p>Reinigung und Kehren von Gehwegen, Parkpl\u00e4tzen, Tiefgaragen u.v.m. Effektive Planung und Gestaltung ist die eine Seite \u2013 gute Pflege die andere. Unser \u00fcber Jahre gewonnenes Know-How sorgt zu jeder Jahreszeit f\u00fcr eine Aussenanlagenpflege mit kontrollierten Abl\u00e4ufen und dies wiederum zu optimierten Preisen.<\/p>\n\n\n\n<p>Reinigung und Kehren von Gehwegen, Hauszug\u00e4ngen, Tiefgaragen und Freifl\u00e4chen<br>Unratsbeseitigung aus Tiefgaragen, von Verkehrswegen und den Freifl\u00e4chen<br>Gullys auf Sauberkeit und Funktionsf\u00e4higkeit \u00fcberpr\u00fcfen<br>Kehren von Streu und Splittr\u00fcckst\u00e4nden nach dem Winterdienst<\/p>\n\n\n\n<p><strong>Garten- und Gr\u00fcnanlagenpflege<\/strong><\/p>\n\n\n\n<p>Wir f\u00fchren alle Arten der Gr\u00fcnfl\u00e4chenpflege f\u00fcr Privatg\u00e4rten, Parkanlagen, Industrie und Gewerbefl\u00e4chen durch.<\/p>\n\n\n\n<p>Rasen m\u00e4hen, Freischneiden und Vertikutieren<br>Hecken, Baum, Str\u00e4ucher Zu- und R\u00fcckschnitt<br>Baumf\u00e4llungen<br>Unkraut und Laubbeseitigung<br>Abtransport von Schnittgut und Gartenabf\u00e4llen<br>Gie\u00dfen von Rasenfl\u00e4chen und Beeten<\/p>\n\n\n\n<p><strong>Winterdienst<\/strong><\/p>\n\n\n\n<p>Wir k\u00fcmmern uns um alle notwendigen Arbeiten:<\/p>\n\n\n\n<p>Wir sorgen f\u00fcr den Einsatz von geeigneten technischen Maschinen und Fahrzeugen, besorgen rechtzeitig das Streumaterial, entfernen und entsorgen dieses auch wieder. Wir garantieren p\u00fcnktliche und gewissenhafte Ausf\u00fchrung, gem\u00e4\u00df der orts\u00fcblichen Stadt- oder Gemeindeverordnung.<\/p>\n\n\n\n<p>R\u00e4umung und Streuung auf dem Anwesen nach Schneefall, Eisregen und \u00dcberfrierender N\u00e4sse<br>R\u00e4umung und Streuung auf \u00f6ffentlichen Geh- und Zufahrtswegen, soweit der Hauseigent\u00fcmer im Rahmen der gemeindlichen Verordnung zur R\u00e4umung verpflichtet ist<\/p>\n\n\n\n<p><strong>Weitere Leistungen:<\/strong><\/p>\n\n\n\n<p>Entr\u00fcmpelung und Entsorgung aller Art<br>Hausmeistervertretungen<br>Notdienst 24\/7<\/p>\n\n\n\n<p><strong>Zusammenarbeit ist unsere St\u00e4rke<\/strong> <strong>&#8211; wir haben immer den richtigen Kontakt!<\/strong><\/p>\n\n\n\n<p>In Gewerken, in denen Meisterpflicht besteht, wie Elektroinstallation, Heizungs- L\u00fcftungsbau, Malerarbeiten etc. arbeiten wir mit zuverl\u00e4ssigen Partnerbetrieben zusammen. Sprechen Sie uns gerne bei Bedarf darauf an!<\/p>\n\n\n\n<p class=\"has-text-align-center\"><strong>Wir sind zur Stelle, wenn Sie uns ben\u00f6tigen!<\/strong><\/p>\n","protected":false},"excerpt":{"rendered":"<p>Unsere Leistungen im \u00dcberblick: Objektbetreuung Unser Service beinhaltet alle technischen und funktionellen Dienstleistungen rund um Ihre Immobilie. \u00dcberwachung des Gesamtzustandes der Immobilie und der Au\u00dfenanlageKontrolle [&hellip;]<\/p>\n","protected":false},"author":1,"featured_media":0,"parent":0,"menu_order":0,"comment_status":"closed","ping_status":"closed","template":"","meta":{"footnotes":""},"class_list":["post-33","page","type-page","status-publish","hentry"],"jetpack_sharing_enabled":true,"_links":{"self":[{"href":"https:\/\/h-frummet.de\/index.php?rest_route=\/wp\/v2\/pages\/33","targetHints":{"allow":["GET"]}}],"collection":[{"href":"https:\/\/h-frummet.de\/index.php?rest_route=\/wp\/v2\/pages"}],"about":[{"href":"https:\/\/h-frummet.de\/index.php?rest_route=\/wp\/v2\/types\/page"}],"author":[{"embeddable":true,"href":"https:\/\/h-frummet.de\/index.php?rest_route=\/wp\/v2\/users\/1"}],"replies":[{"embeddable":true,"href":"https:\/\/h-frummet.de\/index.php?rest_route=%2Fwp%2Fv2%2Fcomments&post=33"}],"version-history":[{"count":3,"href":"https:\/\/h-frummet.de\/index.php?rest_route=\/wp\/v2\/pages\/33\/revisions"}],"predecessor-version":[{"id":108,"href":"https:\/\/h-frummet.de\/index.php?rest_route=\/wp\/v2\/pages\/33\/revisions\/108"}],"wp:attachment":[{"href":"https:\/\/h-frummet.de\/index.php?rest_route=%2Fwp%2Fv2%2Fmedia&parent=33"}],"curies":[{"name":"wp","href":"https:\/\/api.w.org\/{rel}","templated":true}]}}